Last updated on 2025-05-24 23:50:20 CEST.
Flavor | Version | Tinstall | Tcheck | Ttotal | Status | Flags |
---|---|---|---|---|---|---|
r-devel-linux-x86_64-debian-clang | 1.1.0 | 284.59 | 114.28 | 398.87 | OK | |
r-devel-linux-x86_64-debian-gcc | 1.1.0 | 207.82 | 87.45 | 295.27 | OK | |
r-devel-linux-x86_64-fedora-clang | 1.1.0 | 715.47 | OK | |||
r-devel-linux-x86_64-fedora-gcc | 1.1.0 | 833.89 | OK | |||
r-devel-windows-x86_64 | 1.1.0 | 297.00 | 218.00 | 515.00 | OK | |
r-patched-linux-x86_64 | 1.1.0 | 287.20 | 113.05 | 400.25 | OK | |
r-release-linux-x86_64 | 1.1.0 | 287.75 | 115.12 | 402.87 | OK | |
r-release-macos-arm64 | 1.1.0 | 188.00 | OK | |||
r-release-macos-x86_64 | 1.1.0 | 230.00 | OK | |||
r-release-windows-x86_64 | 1.1.0 | 288.00 | 209.00 | 497.00 | OK | |
r-oldrel-macos-arm64 | 1.1.0 | 181.00 | NOTE | |||
r-oldrel-macos-x86_64 | 1.1.0 | 237.00 | NOTE | |||
r-oldrel-windows-x86_64 | 1.1.0 | 309.00 | 243.00 | 552.00 | NOTE |
Version: 1.1.0
Check: installed package size
Result: NOTE
installed size is 47.5Mb
sub-directories of 1Mb or more:
doc 2.8Mb
libs 44.4Mb
Flavors: r-oldrel-macos-arm64, r-oldrel-macos-x86_64, r-oldrel-windows-x86_64