CRAN Package Check Results for Package PPLasso

Last updated on 2025-05-28 04:52:24 CEST.

Flavor Version Tinstall Tcheck Ttotal Status Flags
r-devel-linux-x86_64-debian-clang 2.0 10.55 94.05 104.60 NOTE
r-devel-linux-x86_64-debian-gcc 2.0 8.66 67.31 75.97 NOTE
r-devel-linux-x86_64-fedora-clang 2.0 170.65 OK
r-devel-linux-x86_64-fedora-gcc 2.0 210.60 OK
r-devel-windows-x86_64 2.0 13.00 99.00 112.00 NOTE
r-patched-linux-x86_64 2.0 12.14 87.56 99.70 NOTE
r-release-linux-x86_64 2.0 10.66 88.26 98.92 NOTE
r-release-macos-arm64 2.0 61.00 OK
r-release-macos-x86_64 2.0 109.00 OK
r-release-windows-x86_64 2.0 14.00 98.00 112.00 NOTE
r-oldrel-macos-arm64 2.0 58.00 OK
r-oldrel-macos-x86_64 2.0 87.00 OK
r-oldrel-windows-x86_64 2.0 17.00 125.00 142.00 OK

Check Details

Version: 2.0
Check: Rd cross-references
Result: NOTE Found the following Rd file(s) with Rd \link{} targets missing package anchors: ProgPredLasso.Rd: cvCovEst Please provide package anchors for all Rd \link{} targets not in the package itself and the base packages. Flavors: r-devel-linux-x86_64-debian-clang, r-devel-linux-x86_64-debian-gcc, r-devel-windows-x86_64, r-patched-linux-x86_64, r-release-linux-x86_64, r-release-windows-x86_64