Last updated on 2025-05-28 09:53:05 CEST.
Flavor | Version | Tinstall | Tcheck | Ttotal | Status | Flags |
---|---|---|---|---|---|---|
r-devel-linux-x86_64-debian-clang | 1.0.0 | 21.76 | 23.09 | 44.85 | NOTE | |
r-devel-linux-x86_64-debian-gcc | 1.0.0 | 14.19 | 18.80 | 32.99 | NOTE | |
r-devel-linux-x86_64-fedora-clang | 1.0.0 | 81.76 | OK | |||
r-devel-linux-x86_64-fedora-gcc | 1.0.0 | 77.26 | OK | |||
r-devel-windows-x86_64 | 1.0.0 | 27.00 | 65.00 | 92.00 | OK | |
r-patched-linux-x86_64 | 1.0.0 | 22.03 | 22.21 | 44.24 | OK | |
r-release-linux-x86_64 | 1.0.0 | 21.67 | 22.23 | 43.90 | OK | |
r-release-macos-arm64 | 1.0.0 | 27.00 | OK | |||
r-release-macos-x86_64 | 1.0.0 | 40.00 | OK | |||
r-release-windows-x86_64 | 1.0.0 | 26.00 | 65.00 | 91.00 | OK | |
r-oldrel-macos-arm64 | 1.0.0 | 24.00 | OK | |||
r-oldrel-macos-x86_64 | 1.0.0 | 34.00 | OK | |||
r-oldrel-windows-x86_64 | 1.0.0 | 28.00 | 73.00 | 101.00 | OK |
Version: 1.0.0
Check: CRAN incoming feasibility
Result: NOTE
Maintainer: ‘Junghi Kim <junghikim0@gmail.com>’
No Authors@R field in DESCRIPTION.
Please add one, modifying
Authors@R: c(person(given = "Junghi",
family = "Kim",
role = c("aut", "cre"),
email = "junghikim0@gmail.com"),
person(given = "Wei",
family = "Pan",
role = "aut"))
as necessary.
Flavors: r-devel-linux-x86_64-debian-clang, r-devel-linux-x86_64-debian-gcc