CRAN Package Check Results for Package PKLMtest

Last updated on 2025-07-16 13:48:36 CEST.

Flavor Version Tinstall Tcheck Ttotal Status Flags
r-devel-linux-x86_64-debian-clang 1.0.1 5.91 57.96 63.87 NOTE
r-devel-linux-x86_64-debian-gcc 1.0.1 5.17 43.11 48.28 NOTE
r-devel-linux-x86_64-fedora-clang 1.0.1 98.23 OK
r-devel-linux-x86_64-fedora-gcc 1.0.1 92.45 OK
r-devel-windows-x86_64 1.0.1 7.00 65.00 72.00 OK
r-patched-linux-x86_64 1.0.1 6.40 53.29 59.69 OK
r-release-linux-x86_64 1.0.1 6.11 53.73 59.84 OK
r-release-macos-arm64 1.0.1 33.00 OK
r-release-macos-x86_64 1.0.1 60.00 OK
r-release-windows-x86_64 1.0.1 7.00 74.00 81.00 OK
r-oldrel-macos-arm64 1.0.1 32.00 OK
r-oldrel-macos-x86_64 1.0.1 50.00 OK
r-oldrel-windows-x86_64 1.0.1 10.00 81.00 91.00 OK

Check Details

Version: 1.0.1
Check: CRAN incoming feasibility
Result: NOTE Maintainer: ‘Meta-Lina Spohn <metalina.spohn@stat.math.ethz.ch>’ The Description field contains Michel et al. (2021) <arXiv:2109.10150>. Please refer to arXiv e-prints via their arXiv DOI <doi:10.48550/arXiv.YYMM.NNNNN>. Flavors: r-devel-linux-x86_64-debian-clang, r-devel-linux-x86_64-debian-gcc