Last updated on 2025-05-24 23:50:20 CEST.
Flavor | Version | Tinstall | Tcheck | Ttotal | Status | Flags |
---|---|---|---|---|---|---|
r-devel-linux-x86_64-debian-clang | 0.8.0 | 6.52 | 54.27 | 60.79 | OK | |
r-devel-linux-x86_64-debian-gcc | 0.8.0 | 4.35 | 37.31 | 41.66 | OK | |
r-devel-linux-x86_64-fedora-clang | 0.8.0 | 97.86 | NOTE | |||
r-devel-linux-x86_64-fedora-gcc | 0.8.0 | 87.68 | NOTE | |||
r-devel-windows-x86_64 | 0.8.0 | 7.00 | 68.00 | 75.00 | OK | |
r-patched-linux-x86_64 | 0.8.0 | 5.88 | 50.04 | 55.92 | OK | |
r-release-linux-x86_64 | 0.8.0 | 5.16 | 49.40 | 54.56 | OK | |
r-release-macos-arm64 | 0.8.0 | 26.00 | OK | |||
r-release-macos-x86_64 | 0.8.0 | 49.00 | OK | |||
r-release-windows-x86_64 | 0.8.0 | 7.00 | 65.00 | 72.00 | OK | |
r-oldrel-macos-arm64 | 0.8.0 | 26.00 | NOTE | |||
r-oldrel-macos-x86_64 | 0.8.0 | 43.00 | NOTE | |||
r-oldrel-windows-x86_64 | 0.8.0 | 9.00 | 81.00 | 90.00 | NOTE |
Version: 0.8.0
Check: dependencies in R code
Result: NOTE
Namespaces in Imports field not imported from:
‘Matrix’ ‘pander’
All declared Imports should be used.
Flavors: r-devel-linux-x86_64-fedora-clang, r-devel-linux-x86_64-fedora-gcc
Version: 0.8.0
Check: LazyData
Result: NOTE
'LazyData' is specified without a 'data' directory
Flavors: r-oldrel-macos-arm64, r-oldrel-macos-x86_64, r-oldrel-windows-x86_64