Last updated on 2025-05-28 04:52:22 CEST.
Flavor | Version | Tinstall | Tcheck | Ttotal | Status | Flags |
---|---|---|---|---|---|---|
r-devel-linux-x86_64-debian-clang | 1.0.8 | 8.13 | 59.73 | 67.86 | NOTE | |
r-devel-linux-x86_64-debian-gcc | 1.0.8 | 5.87 | 44.15 | 50.02 | NOTE | |
r-devel-linux-x86_64-fedora-clang | 1.0.8 | 105.06 | OK | |||
r-devel-linux-x86_64-fedora-gcc | 1.0.8 | 104.56 | OK | |||
r-devel-windows-x86_64 | 1.0.8 | 11.00 | 73.00 | 84.00 | OK | |
r-patched-linux-x86_64 | 1.0.8 | 8.01 | 56.25 | 64.26 | OK | |
r-release-linux-x86_64 | 1.0.8 | 7.27 | 56.08 | 63.35 | OK | |
r-release-macos-arm64 | 1.0.8 | 37.00 | OK | |||
r-release-macos-x86_64 | 1.0.8 | 69.00 | OK | |||
r-release-windows-x86_64 | 1.0.8 | 13.00 | 76.00 | 89.00 | OK | |
r-oldrel-macos-arm64 | 1.0.8 | 33.00 | OK | |||
r-oldrel-macos-x86_64 | 1.0.8 | 47.00 | OK | |||
r-oldrel-windows-x86_64 | 1.0.8 | 15.00 | 91.00 | 106.00 | OK |
Version: 1.0.8
Check: CRAN incoming feasibility
Result: NOTE
Maintainer: ‘Cecile Proust-Lima <cecile.proust-lima@inserm.fr>’
No Authors@R field in DESCRIPTION.
Please add one, modifying
Authors@R: c(person(given = "Cecile",
family = "Proust-Lima",
role = c("aut", "cre"),
email = "cecile.proust-lima@inserm.fr"),
person(given = "Viviane",
family = "Philipps",
role = "aut"))
as necessary.
Flavors: r-devel-linux-x86_64-debian-clang, r-devel-linux-x86_64-debian-gcc