CRAN Package Check Results for Package NlsyLinks

Last updated on 2025-07-22 13:49:19 CEST.

Flavor Version Tinstall Tcheck Ttotal Status Flags
r-devel-linux-x86_64-debian-clang 2.2.2 4.03 97.94 101.97 OK
r-devel-linux-x86_64-debian-gcc 2.2.2 3.34 66.25 69.59 OK
r-devel-linux-x86_64-fedora-clang 2.2.2 157.42 OK
r-devel-linux-x86_64-fedora-gcc 2.2.2 172.78 OK
r-devel-windows-x86_64 2.2.2 6.00 109.00 115.00 OK
r-patched-linux-x86_64 2.2.2 3.80 92.41 96.21 OK
r-release-linux-x86_64 2.2.2 3.66 94.83 98.49 OK
r-release-macos-arm64 2.2.2 71.00 OK
r-release-macos-x86_64 2.2.2 115.00 OK
r-release-windows-x86_64 2.2.2 6.00 108.00 114.00 OK
r-oldrel-macos-arm64 2.2.2 73.00 OK
r-oldrel-macos-x86_64 2.2.2 113.00 OK
r-oldrel-windows-x86_64 2.2.2 8.00 0.00 8.00 FAIL

Check Details

Version: 2.2.2
Check: re-building of vignette outputs
Result: FAIL Check process probably crashed or hung up for 20 minutes ... killed Most likely this happened in the example checks (?), if not, ignore the following last lines of example output: Max. :42.00 Max. :52.00 Max. :42.00 DV2_S2 Min. :21.00 1st Qu.:21.75 Median :22.50 Mean :29.38 3rd Qu.:30.00 Max. :52.00 > > ValidatePairLinksAreSymmetric(dsDouble) # Should return TRUE. [1] TRUE > > > > > ### * <FOOTER> > ### > cleanEx() > options(digits = 7L) > base::cat("Time elapsed: ", proc.time() - base::get("ptime", pos = 'CheckExEnv'),"\n") Time elapsed: 7.22 0.46 7.68 NA NA > grDevices::dev.off() null device 1 > ### > ### Local variables: *** > ### mode: outline-minor *** > ### outline-regexp: "\\(> \\)?### [*]+" *** > ### End: *** > quit('no') ======== End of example output (where/before crash/hang up occured ?) ======== Flavor: r-oldrel-windows-x86_64