Last updated on 2025-05-28 17:57:29 CEST.
Flavor | Version | Tinstall | Tcheck | Ttotal | Status | Flags |
---|---|---|---|---|---|---|
r-devel-linux-x86_64-debian-clang | 1.0.1.1 | 1.81 | 17.33 | 19.14 | NOTE | |
r-devel-linux-x86_64-debian-gcc | 1.0.1.1 | 1.54 | 14.12 | 15.66 | NOTE | |
r-devel-linux-x86_64-fedora-clang | 1.0.1.1 | 31.60 | OK | |||
r-devel-linux-x86_64-fedora-gcc | 1.0.1.1 | 29.73 | OK | |||
r-devel-windows-x86_64 | 1.0.1.1 | 4.00 | 39.00 | 43.00 | OK | |
r-patched-linux-x86_64 | 1.0.1.1 | 1.82 | 16.59 | 18.41 | OK | |
r-release-linux-x86_64 | 1.0.1.1 | 1.81 | 16.67 | 18.48 | OK | |
r-release-macos-arm64 | 1.0.1.1 | 16.00 | OK | |||
r-release-macos-x86_64 | 1.0.1.1 | 26.00 | OK | |||
r-release-windows-x86_64 | 1.0.1.1 | 2.00 | 46.00 | 48.00 | OK | |
r-oldrel-macos-arm64 | 1.0.1.1 | 16.00 | OK | |||
r-oldrel-macos-x86_64 | 1.0.1.1 | 21.00 | OK | |||
r-oldrel-windows-x86_64 | 1.0.1.1 | 4.00 | 42.00 | 46.00 | OK |
Version: 1.0.1.1
Check: CRAN incoming feasibility
Result: NOTE
Maintainer: ‘Max Hughes-Brandl <gordonmax@hotmail.de>’
No Authors@R field in DESCRIPTION.
Please add one, modifying
Authors@R: person(given = "Max",
family = "Hughes-Brandl",
role = c("aut", "cre"),
email = "gordonmax@hotmail.de")
as necessary.
Flavors: r-devel-linux-x86_64-debian-clang, r-devel-linux-x86_64-debian-gcc