Last updated on 2025-07-21 09:50:00 CEST.
Flavor | Version | Tinstall | Tcheck | Ttotal | Status | Flags |
---|---|---|---|---|---|---|
r-devel-linux-x86_64-debian-clang | 0.1.0 | 23.58 | 38.01 | 61.59 | OK | |
r-devel-linux-x86_64-debian-gcc | 0.1.0 | 19.15 | 30.85 | 50.00 | OK | |
r-devel-linux-x86_64-fedora-clang | 0.1.0 | 98.11 | OK | |||
r-devel-linux-x86_64-fedora-gcc | 0.1.0 | 102.71 | OK | |||
r-devel-windows-x86_64 | 0.1.0 | 30.00 | 84.00 | 114.00 | OK | |
r-patched-linux-x86_64 | 0.1.0 | 25.89 | 35.86 | 61.75 | OK | |
r-release-linux-x86_64 | 0.1.0 | 25.98 | 35.66 | 61.64 | OK | |
r-release-macos-arm64 | 0.1.0 | 57.00 | OK | |||
r-release-macos-x86_64 | 0.1.0 | 59.00 | OK | |||
r-release-windows-x86_64 | 0.1.0 | 28.00 | 73.00 | 101.00 | OK | |
r-oldrel-macos-arm64 | 0.1.0 | 35.00 | NOTE | |||
r-oldrel-macos-x86_64 | 0.1.0 | 70.00 | NOTE | |||
r-oldrel-windows-x86_64 | 0.1.0 | 38.00 | 91.00 | 129.00 | OK |
Version: 0.1.0
Check: installed package size
Result: NOTE
installed size is 5.5Mb
sub-directories of 1Mb or more:
libs 4.8Mb
Flavors: r-oldrel-macos-arm64, r-oldrel-macos-x86_64