Last updated on 2025-05-28 04:52:22 CEST.
Flavor | Version | Tinstall | Tcheck | Ttotal | Status | Flags |
---|---|---|---|---|---|---|
r-devel-linux-x86_64-debian-clang | 1.2.1 | 3.46 | 116.94 | 120.40 | NOTE | |
r-devel-linux-x86_64-debian-gcc | 1.2.1 | 2.89 | 64.81 | 67.70 | NOTE | |
r-devel-linux-x86_64-fedora-clang | 1.2.1 | 166.91 | NOTE | |||
r-devel-linux-x86_64-fedora-gcc | 1.2.1 | 173.37 | NOTE | |||
r-devel-windows-x86_64 | 1.2.1 | 6.00 | 112.00 | 118.00 | OK | |
r-patched-linux-x86_64 | 1.2.1 | 4.19 | 93.95 | 98.14 | OK | |
r-release-linux-x86_64 | 1.2.1 | 3.78 | 97.03 | 100.81 | OK | |
r-release-macos-arm64 | 1.2.1 | 52.00 | OK | |||
r-release-macos-x86_64 | 1.2.1 | 118.00 | OK | |||
r-release-windows-x86_64 | 1.2.1 | 5.00 | 114.00 | 119.00 | OK | |
r-oldrel-macos-arm64 | 1.2.1 | 107.00 | OK | |||
r-oldrel-macos-x86_64 | 1.2.1 | 80.00 | OK | |||
r-oldrel-windows-x86_64 | 1.2.1 | 7.00 | 141.00 | 148.00 | OK |
Version: 1.2.1
Check: CRAN incoming feasibility
Result: NOTE
Maintainer: ‘Thomas Aspinall <tomaspinall2512@gmail.com>’
Package has help file(s) containing later-stage \Sexpr{} expressions
but no 'build/stage23.rdb' file.
Flavors: r-devel-linux-x86_64-debian-clang, r-devel-linux-x86_64-debian-gcc
Version: 1.2.1
Check: dependencies in R code
Result: NOTE
Namespaces in Imports field not imported from:
‘Rdpack’ ‘curl’ ‘mathjaxr’
All declared Imports should be used.
Flavors: r-devel-linux-x86_64-fedora-clang, r-devel-linux-x86_64-fedora-gcc