Last updated on 2025-05-28 17:57:29 CEST.
Flavor | Version | Tinstall | Tcheck | Ttotal | Status | Flags |
---|---|---|---|---|---|---|
r-devel-linux-x86_64-debian-clang | 1.0.1 | 7.01 | 64.02 | 71.03 | NOTE | |
r-devel-linux-x86_64-debian-gcc | 1.0.1 | 6.35 | 47.74 | 54.09 | NOTE | |
r-devel-linux-x86_64-fedora-clang | 1.0.1 | 110.77 | OK | |||
r-devel-linux-x86_64-fedora-gcc | 1.0.1 | 111.48 | OK | |||
r-devel-windows-x86_64 | 1.0.1 | 8.00 | 76.00 | 84.00 | OK | |
r-patched-linux-x86_64 | 1.0.1 | 6.68 | 61.85 | 68.53 | OK | |
r-release-linux-x86_64 | 1.0.1 | 7.63 | 62.15 | 69.78 | OK | |
r-release-macos-arm64 | 1.0.1 | 36.00 | OK | |||
r-release-macos-x86_64 | 1.0.1 | 65.00 | OK | |||
r-release-windows-x86_64 | 1.0.1 | 9.00 | 77.00 | 86.00 | OK | |
r-oldrel-macos-arm64 | 1.0.1 | 33.00 | NOTE | |||
r-oldrel-macos-x86_64 | 1.0.1 | 51.00 | NOTE | |||
r-oldrel-windows-x86_64 | 1.0.1 | 11.00 | 94.00 | 105.00 | NOTE |
Version: 1.0.1
Check: CRAN incoming feasibility
Result: NOTE
Maintainer: ‘Bouchra R. Nasri <bouchra.nasri@gmail.com>’
No Authors@R field in DESCRIPTION.
Please add one, modifying
Authors@R: person(given = c("Bouchra", "R."),
family = "Nasri",
role = c("aut", "cre"),
email = "bouchra.nasri@gmail.com")
as necessary.
Flavors: r-devel-linux-x86_64-debian-clang, r-devel-linux-x86_64-debian-gcc
Version: 1.0.1
Check: LazyData
Result: NOTE
'LazyData' is specified without a 'data' directory
Flavors: r-oldrel-macos-arm64, r-oldrel-macos-x86_64, r-oldrel-windows-x86_64