Last updated on 2025-05-24 23:50:19 CEST.
Flavor | Version | Tinstall | Tcheck | Ttotal | Status | Flags |
---|---|---|---|---|---|---|
r-devel-linux-x86_64-debian-clang | 1.0.0 | 13.46 | 202.57 | 216.03 | OK | |
r-devel-linux-x86_64-debian-gcc | 1.0.0 | 9.83 | 144.39 | 154.22 | OK | |
r-devel-linux-x86_64-fedora-clang | 1.0.0 | 342.90 | NOTE | |||
r-devel-linux-x86_64-fedora-gcc | 1.0.0 | 343.81 | NOTE | |||
r-devel-windows-x86_64 | 1.0.0 | 15.00 | 216.00 | 231.00 | OK | |
r-patched-linux-x86_64 | 1.0.0 | 13.80 | 198.37 | 212.17 | OK | |
r-release-linux-x86_64 | 1.0.0 | 13.07 | 198.58 | 211.65 | OK | |
r-release-macos-arm64 | 1.0.0 | 117.00 | OK | |||
r-release-macos-x86_64 | 1.0.0 | 194.00 | OK | |||
r-release-windows-x86_64 | 1.0.0 | 15.00 | 208.00 | 223.00 | OK | |
r-oldrel-macos-arm64 | 1.0.0 | 98.00 | NOTE | |||
r-oldrel-macos-x86_64 | 1.0.0 | 253.00 | NOTE | |||
r-oldrel-windows-x86_64 | 1.0.0 | 20.00 | 270.00 | 290.00 | NOTE |
Version: 1.0.0
Check: dependencies in R code
Result: NOTE
Namespaces in Imports field not imported from:
‘RCurl’ ‘fields’ ‘optmatch’ ‘rcbalance’ ‘utils’
All declared Imports should be used.
Flavors: r-devel-linux-x86_64-fedora-clang, r-devel-linux-x86_64-fedora-gcc
Version: 1.0.0
Check: package dependencies
Result: NOTE
Package suggested but not available for checking: ‘rrelaxiv’
Flavors: r-oldrel-macos-arm64, r-oldrel-macos-x86_64, r-oldrel-windows-x86_64