Last updated on 2025-05-24 23:50:19 CEST.
Flavor | Version | Tinstall | Tcheck | Ttotal | Status | Flags |
---|---|---|---|---|---|---|
r-devel-linux-x86_64-debian-clang | 0.6.2 | 5.43 | 71.38 | 76.81 | OK | |
r-devel-linux-x86_64-debian-gcc | 0.6.2 | 3.88 | 50.21 | 54.09 | OK | |
r-devel-linux-x86_64-fedora-clang | 0.6.2 | 118.05 | NOTE | |||
r-devel-linux-x86_64-fedora-gcc | 0.6.2 | 124.98 | NOTE | |||
r-devel-windows-x86_64 | 0.6.2 | 9.00 | 93.00 | 102.00 | OK | |
r-patched-linux-x86_64 | 0.6.2 | 6.01 | 66.41 | 72.42 | OK | |
r-release-linux-x86_64 | 0.6.2 | 4.13 | 65.79 | 69.92 | OK | |
r-release-macos-arm64 | 0.6.2 | 86.00 | OK | |||
r-release-macos-x86_64 | 0.6.2 | 85.00 | OK | |||
r-release-windows-x86_64 | 0.6.2 | 7.00 | 87.00 | 94.00 | OK | |
r-oldrel-macos-arm64 | 0.6.2 | 40.00 | OK | |||
r-oldrel-macos-x86_64 | 0.6.2 | 63.00 | OK | |||
r-oldrel-windows-x86_64 | 0.6.2 | 9.00 | 113.00 | 122.00 | OK |
Version: 0.6.2
Check: dependencies in R code
Result: NOTE
Namespaces in Imports field not imported from:
‘poweRlaw’ ‘rmutil’
All declared Imports should be used.
Flavors: r-devel-linux-x86_64-fedora-clang, r-devel-linux-x86_64-fedora-gcc