Last updated on 2025-05-24 23:50:17 CEST.
Flavor | Version | Tinstall | Tcheck | Ttotal | Status | Flags |
---|---|---|---|---|---|---|
r-devel-linux-x86_64-debian-clang | 1.1.2 | 6.06 | 58.28 | 64.34 | OK | |
r-devel-linux-x86_64-debian-gcc | 1.1.2 | 4.18 | 41.32 | 45.50 | OK | |
r-devel-linux-x86_64-fedora-clang | 1.1.2 | 99.72 | OK | |||
r-devel-linux-x86_64-fedora-gcc | 1.1.2 | 96.69 | OK | |||
r-devel-windows-x86_64 | 1.1.2 | 9.00 | 72.00 | 81.00 | OK | |
r-patched-linux-x86_64 | 1.1.2 | 5.41 | 52.88 | 58.29 | OK | |
r-release-linux-x86_64 | 1.1.2 | 5.88 | 53.38 | 59.26 | OK | |
r-release-macos-arm64 | 1.1.2 | 32.00 | OK | |||
r-release-macos-x86_64 | 1.1.2 | 50.00 | OK | |||
r-release-windows-x86_64 | 1.1.2 | 7.00 | 69.00 | 76.00 | OK | |
r-oldrel-macos-arm64 | 1.1.2 | 28.00 | NOTE | |||
r-oldrel-macos-x86_64 | 1.1.2 | 45.00 | NOTE | |||
r-oldrel-windows-x86_64 | 1.1.2 | 8.00 | 84.00 | 92.00 | NOTE |
Version: 1.1.2
Check: LazyData
Result: NOTE
'LazyData' is specified without a 'data' directory
Flavors: r-oldrel-macos-arm64, r-oldrel-macos-x86_64, r-oldrel-windows-x86_64