Last updated on 2025-05-29 04:50:25 CEST.
Flavor | Version | Tinstall | Tcheck | Ttotal | Status | Flags |
---|---|---|---|---|---|---|
r-devel-linux-x86_64-debian-clang | 1.0.2 | 6.17 | 48.28 | 54.45 | NOTE | |
r-devel-linux-x86_64-debian-gcc | 1.0.2 | 4.21 | 34.85 | 39.06 | NOTE | |
r-devel-linux-x86_64-fedora-clang | 1.0.2 | 87.27 | OK | |||
r-devel-linux-x86_64-fedora-gcc | 1.0.2 | 84.63 | OK | |||
r-devel-windows-x86_64 | 1.0.2 | 8.00 | 62.00 | 70.00 | NOTE | |
r-patched-linux-x86_64 | 1.0.2 | 6.30 | 45.35 | 51.65 | NOTE | |
r-release-linux-x86_64 | 1.0.2 | 5.94 | 45.24 | 51.18 | NOTE | |
r-release-macos-arm64 | 1.0.2 | 33.00 | OK | |||
r-release-macos-x86_64 | 1.0.2 | 54.00 | OK | |||
r-release-windows-x86_64 | 1.0.2 | 8.00 | 63.00 | 71.00 | NOTE | |
r-oldrel-macos-arm64 | 1.0.2 | 27.00 | OK | |||
r-oldrel-macos-x86_64 | 1.0.2 | 37.00 | OK | |||
r-oldrel-windows-x86_64 | 1.0.2 | 11.00 | 74.00 | 85.00 | OK |
Version: 1.0.2
Check: Rd cross-references
Result: NOTE
Found the following Rd file(s) with Rd \link{} targets missing package
anchors:
plot.MTest.Rd: ggplot
Please provide package anchors for all Rd \link{} targets not in the
package itself and the base packages.
Flavors: r-devel-linux-x86_64-debian-clang, r-devel-linux-x86_64-debian-gcc, r-devel-windows-x86_64, r-patched-linux-x86_64, r-release-linux-x86_64, r-release-windows-x86_64