CRAN Package Check Results for Package MLmetrics

Last updated on 2025-05-24 23:50:18 CEST.

Flavor Version Tinstall Tcheck Ttotal Status Flags
r-devel-linux-x86_64-debian-clang 1.1.3 2.07 20.79 22.86 OK
r-devel-linux-x86_64-debian-gcc 1.1.3 1.53 16.83 18.36 OK
r-devel-linux-x86_64-fedora-clang 1.1.3 36.39 NOTE
r-devel-linux-x86_64-fedora-gcc 1.1.3 33.95 NOTE
r-devel-windows-x86_64 1.1.3 3.00 75.00 78.00 OK
r-patched-linux-x86_64 1.1.3 1.89 19.65 21.54 OK
r-release-linux-x86_64 1.1.3 2.15 19.54 21.69 OK
r-release-macos-arm64 1.1.3 20.00 OK
r-release-macos-x86_64 1.1.3 26.00 OK
r-release-windows-x86_64 1.1.3 3.00 49.00 52.00 OK
r-oldrel-macos-arm64 1.1.3 16.00 OK
r-oldrel-macos-x86_64 1.1.3 23.00 OK
r-oldrel-windows-x86_64 1.1.3 4.00 50.00 54.00 OK

Check Details

Version: 1.1.3
Check: dependencies in R code
Result: NOTE Namespace in Imports field not imported from: ‘utils’ All declared Imports should be used. Flavors: r-devel-linux-x86_64-fedora-clang, r-devel-linux-x86_64-fedora-gcc