CRAN Package Check Results for Package MDBED

Last updated on 2025-05-28 13:48:30 CEST.

Flavor Version Tinstall Tcheck Ttotal Status Flags
r-devel-linux-x86_64-debian-clang 1.0.0 5.79 53.40 59.19 NOTE
r-devel-linux-x86_64-debian-gcc 1.0.0 4.34 38.14 42.48 NOTE
r-devel-linux-x86_64-fedora-clang 1.0.0 90.78 NOTE
r-devel-linux-x86_64-fedora-gcc 1.0.0 90.05 NOTE
r-devel-windows-x86_64 1.0.0 9.00 77.00 86.00 NOTE
r-patched-linux-x86_64 1.0.0 4.92 48.50 53.42 NOTE
r-release-linux-x86_64 1.0.0 5.53 48.27 53.80 NOTE
r-release-macos-arm64 1.0.0 44.00 NOTE
r-release-macos-x86_64 1.0.0 46.00 NOTE
r-release-windows-x86_64 1.0.0 7.00 76.00 83.00 NOTE
r-oldrel-macos-arm64 1.0.0 27.00 NOTE
r-oldrel-macos-x86_64 1.0.0 39.00 NOTE
r-oldrel-windows-x86_64 1.0.0 10.00 93.00 103.00 NOTE

Check Details

Version: 1.0.0
Check: CRAN incoming feasibility
Result: NOTE Maintainer: ‘Luis F. Duque <lfduquey@gmail.com>’ No Authors@R field in DESCRIPTION. Please add one, modifying Authors@R: person(given = c("Luis", "F."), family = "Duque", role = c("aut", "cre"), email = "lfduquey@gmail.com") as necessary. Flavors: r-devel-linux-x86_64-debian-clang, r-devel-linux-x86_64-debian-gcc

Version: 1.0.0
Check: Rd files
Result: NOTE checkRd: (-1) pBED.Rd:34: Escaped LaTeX specials: \& Flavors: r-devel-linux-x86_64-debian-clang, r-devel-linux-x86_64-debian-gcc, r-devel-linux-x86_64-fedora-clang, r-devel-linux-x86_64-fedora-gcc, r-devel-windows-x86_64, r-patched-linux-x86_64, r-release-linux-x86_64, r-release-macos-arm64, r-release-macos-x86_64, r-release-windows-x86_64, r-oldrel-macos-arm64, r-oldrel-macos-x86_64, r-oldrel-windows-x86_64

Version: 1.0.0
Check: Rd cross-references
Result: NOTE Found the following Rd file(s) with Rd \link{} targets missing package anchors: CDF_3dPlot.Rd: lattice Please provide package anchors for all Rd \link{} targets not in the package itself and the base packages. Flavors: r-devel-linux-x86_64-debian-clang, r-devel-linux-x86_64-debian-gcc, r-devel-windows-x86_64, r-patched-linux-x86_64, r-release-linux-x86_64, r-release-windows-x86_64

Version: 1.0.0
Check: dependencies in R code
Result: NOTE Namespace in Imports field not imported from: ‘psych’ All declared Imports should be used. Flavors: r-devel-linux-x86_64-fedora-clang, r-devel-linux-x86_64-fedora-gcc

Version: 1.0.0
Check: LazyData
Result: NOTE 'LazyData' is specified without a 'data' directory Flavors: r-oldrel-macos-arm64, r-oldrel-macos-x86_64, r-oldrel-windows-x86_64