Last updated on 2025-05-25 13:49:47 CEST.
Flavor | Version | Tinstall | Tcheck | Ttotal | Status | Flags |
---|---|---|---|---|---|---|
r-devel-linux-x86_64-debian-clang | 2.3.2 | 51.96 | 30.20 | 82.16 | NOTE | |
r-devel-linux-x86_64-debian-gcc | 2.3.2 | 34.74 | 23.55 | 58.29 | NOTE | |
r-devel-linux-x86_64-fedora-clang | 2.3.2 | 147.75 | OK | |||
r-devel-linux-x86_64-fedora-gcc | 2.3.2 | 152.00 | OK | |||
r-devel-windows-x86_64 | 2.3.2 | 53.00 | 70.00 | 123.00 | OK | |
r-patched-linux-x86_64 | 2.3.2 | 48.21 | 28.51 | 76.72 | OK | |
r-release-linux-x86_64 | 2.3.2 | 47.60 | 28.68 | 76.28 | OK | |
r-release-macos-arm64 | 2.3.2 | 44.00 | OK | |||
r-release-macos-x86_64 | 2.3.2 | 51.00 | OK | |||
r-release-windows-x86_64 | 2.3.2 | 56.00 | 70.00 | 126.00 | OK | |
r-oldrel-macos-arm64 | 2.3.2 | 37.00 | OK | |||
r-oldrel-macos-x86_64 | 2.3.2 | 77.00 | OK | |||
r-oldrel-windows-x86_64 | 2.3.2 | 65.00 | 78.00 | 143.00 | OK |
Version: 2.3.2
Check: CRAN incoming feasibility
Result: NOTE
Maintainer: ‘Seung W. Choi <schoi@austin.utexas.edu>’
No Authors@R field in DESCRIPTION.
Please add one, modifying
Authors@R: c(person(given = c("Seung", "W."),
family = "Choi",
role = c("aut", "cre"),
email = "schoi@austin.utexas.edu"),
person(given = c("David", "R."),
family = "King",
role = "aut"))
as necessary.
Flavors: r-devel-linux-x86_64-debian-clang, r-devel-linux-x86_64-debian-gcc