CRAN Package Check Results for Package LPRelevance

Last updated on 2025-07-16 09:51:22 CEST.

Flavor Version Tinstall Tcheck Ttotal Status Flags
r-devel-linux-x86_64-debian-clang 3.3 16.21 128.09 144.30 NOTE
r-devel-linux-x86_64-debian-gcc 3.3 11.67 89.20 100.87 NOTE
r-devel-linux-x86_64-fedora-clang 3.3 220.24 OK
r-devel-linux-x86_64-fedora-gcc 3.3 205.71 OK
r-devel-windows-x86_64 3.3 16.00 117.00 133.00 OK
r-patched-linux-x86_64 3.3 16.96 119.46 136.42 OK
r-release-linux-x86_64 3.3 16.55 116.72 133.27 OK
r-release-macos-arm64 3.3 55.00 OK
r-release-macos-x86_64 3.3 103.00 OK
r-release-windows-x86_64 3.3 17.00 119.00 136.00 OK
r-oldrel-macos-arm64 3.3 56.00 OK
r-oldrel-macos-x86_64 3.3 119.00 OK
r-oldrel-windows-x86_64 3.3 23.00 156.00 179.00 OK

Check Details

Version: 3.3
Check: CRAN incoming feasibility
Result: NOTE Maintainer: ‘Kaijun Wang <kaijunwang.19@gmail.com>’ No Authors@R field in DESCRIPTION. Please add one, modifying Authors@R: c(person(given = "Subhadeep", family = "Mukhopadhyay", role = "aut"), person(given = "Kaijun", family = "Wang", role = c("aut", "cre"), email = "kaijunwang.19@gmail.com")) as necessary. The Description field contains S., and Wang, K (2021, <arXiv:2004.09588>). Please refer to arXiv e-prints via their arXiv DOI <doi:10.48550/arXiv.YYMM.NNNNN>. Flavors: r-devel-linux-x86_64-debian-clang, r-devel-linux-x86_64-debian-gcc