CRAN Package Check Results for Package JOUSBoost

Last updated on 2025-07-16 13:48:31 CEST.

Flavor Version Tinstall Tcheck Ttotal Status Flags
r-devel-linux-x86_64-debian-clang 2.1.0 10.71 48.73 59.44 OK
r-devel-linux-x86_64-debian-gcc 2.1.0 7.59 41.33 48.92 OK
r-devel-linux-x86_64-fedora-clang 2.1.0 95.74 NOTE
r-devel-linux-x86_64-fedora-gcc 2.1.0 102.58 NOTE
r-devel-windows-x86_64 2.1.0 14.00 108.00 122.00 OK
r-patched-linux-x86_64 2.1.0 10.92 46.47 57.39 OK
r-release-linux-x86_64 2.1.0 10.08 46.31 56.39 OK
r-release-macos-arm64 2.1.0 53.00 OK
r-release-macos-x86_64 2.1.0 126.00 OK
r-release-windows-x86_64 2.1.0 14.00 112.00 126.00 OK
r-oldrel-macos-arm64 2.1.0 49.00 OK
r-oldrel-macos-x86_64 2.1.0 98.00 OK
r-oldrel-windows-x86_64 2.1.0 17.00 122.00 139.00 OK

Check Details

Version: 2.1.0
Check: dependencies in R code
Result: NOTE Namespace in Imports field not imported from: ‘doParallel’ All declared Imports should be used. Flavors: r-devel-linux-x86_64-fedora-clang, r-devel-linux-x86_64-fedora-gcc