Last updated on 2025-05-27 23:51:54 CEST.
Flavor | Version | Tinstall | Tcheck | Ttotal | Status | Flags |
---|---|---|---|---|---|---|
r-devel-linux-x86_64-debian-clang | 0.2.1 | 20.91 | 33.02 | 53.93 | NOTE | |
r-devel-linux-x86_64-debian-gcc | 0.2.1 | 17.98 | 24.81 | 42.79 | NOTE | |
r-devel-linux-x86_64-fedora-clang | 0.2.1 | 100.60 | OK | |||
r-devel-linux-x86_64-fedora-gcc | 0.2.1 | 103.23 | OK | |||
r-devel-windows-x86_64 | 0.2.1 | 34.00 | 72.00 | 106.00 | OK | |
r-patched-linux-x86_64 | 0.2.1 | 25.95 | 29.80 | 55.75 | OK | |
r-release-linux-x86_64 | 0.2.1 | 23.68 | 30.30 | 53.98 | OK | |
r-release-macos-arm64 | 0.2.1 | 29.00 | OK | |||
r-release-macos-x86_64 | 0.2.1 | 49.00 | OK | |||
r-release-windows-x86_64 | 0.2.1 | 32.00 | 69.00 | 101.00 | OK | |
r-oldrel-macos-arm64 | 0.2.1 | 28.00 | OK | |||
r-oldrel-macos-x86_64 | 0.2.1 | 46.00 | OK | |||
r-oldrel-windows-x86_64 | 0.2.1 | 28.00 | 82.00 | 110.00 | OK |
Version: 0.2.1
Check: CRAN incoming feasibility
Result: NOTE
Maintainer: ‘Ruzhang Zhao<ruzhangzhao@gmail.com>’
No Authors@R field in DESCRIPTION.
Please add one, modifying
Authors@R: c(person(given = "Ruzhang",
family = "Zhao",
role = c("aut", "cre"),
email = "ruzhangzhao@gmail.com"),
person(given = "Pengyu",
family = "Hong",
role = "aut"),
person(given = c("Jun", "S."),
family = "Liu",
role = "aut"))
as necessary.
Flavors: r-devel-linux-x86_64-debian-clang, r-devel-linux-x86_64-debian-gcc