CRAN Package Check Results for Package IPEC

Last updated on 2025-05-25 13:49:46 CEST.

Flavor Version Tinstall Tcheck Ttotal Status Flags
r-devel-linux-x86_64-debian-clang 1.1.0 3.23 41.82 45.05 NOTE
r-devel-linux-x86_64-debian-gcc 1.1.0 2.46 29.33 31.79 NOTE
r-devel-linux-x86_64-fedora-clang 1.1.0 70.64 OK
r-devel-linux-x86_64-fedora-gcc 1.1.0 67.55 OK
r-devel-windows-x86_64 1.1.0 5.00 106.00 111.00 NOTE
r-patched-linux-x86_64 1.1.0 3.60 39.76 43.36 NOTE
r-release-linux-x86_64 1.1.0 3.53 39.68 43.21 NOTE
r-release-macos-arm64 1.1.0 22.00 OK
r-release-macos-x86_64 1.1.0 41.00 OK
r-release-windows-x86_64 1.1.0 4.00 65.00 69.00 NOTE
r-oldrel-macos-arm64 1.1.0 22.00 OK
r-oldrel-macos-x86_64 1.1.0 32.00 OK
r-oldrel-windows-x86_64 1.1.0 4.00 71.00 75.00 OK

Check Details

Version: 1.1.0
Check: Rd cross-references
Result: NOTE Found the following Rd file(s) with Rd \link{} targets missing package anchors: curvIPEC.Rd: hessian, jacobian, rms.curv skewIPEC.Rd: ginv Please provide package anchors for all Rd \link{} targets not in the package itself and the base packages. Flavors: r-devel-linux-x86_64-debian-clang, r-devel-linux-x86_64-debian-gcc, r-devel-windows-x86_64, r-patched-linux-x86_64, r-release-linux-x86_64, r-release-windows-x86_64