Last updated on 2025-05-25 13:49:45 CEST.
Flavor | Version | Tinstall | Tcheck | Ttotal | Status | Flags |
---|---|---|---|---|---|---|
r-devel-linux-x86_64-debian-clang | 1.1 | 17.07 | 151.94 | 169.01 | OK | |
r-devel-linux-x86_64-debian-gcc | 1.1 | 13.28 | 111.34 | 124.62 | OK | |
r-devel-linux-x86_64-fedora-clang | 1.1 | 2.54 | ERROR | |||
r-devel-linux-x86_64-fedora-gcc | 1.1 | 253.80 | OK | |||
r-devel-windows-x86_64 | 1.1 | 19.00 | 174.00 | 193.00 | OK | |
r-patched-linux-x86_64 | 1.1 | 17.55 | 142.09 | 159.64 | OK | |
r-release-linux-x86_64 | 1.1 | 14.94 | 140.01 | 154.95 | OK | |
r-release-macos-arm64 | 1.1 | 78.00 | OK | |||
r-release-macos-x86_64 | 1.1 | 126.00 | OK | |||
r-release-windows-x86_64 | 1.1 | 18.00 | 169.00 | 187.00 | OK | |
r-oldrel-macos-arm64 | 1.1 | 78.00 | OK | |||
r-oldrel-macos-x86_64 | 1.1 | 124.00 | OK | |||
r-oldrel-windows-x86_64 | 1.1 | 25.00 | 210.00 | 235.00 | OK |
Version: 1.1
Check: package dependencies
Result: ERROR
Package required but not available: ‘asbio’
See section ‘The DESCRIPTION file’ in the ‘Writing R Extensions’
manual.
Flavor: r-devel-linux-x86_64-fedora-clang