CRAN Package Check Results for Package IBrokers

Last updated on 2025-07-20 23:50:41 CEST.

Flavor Version Tinstall Tcheck Ttotal Status Flags
r-devel-linux-x86_64-debian-clang 0.10-2 6.14 51.72 57.86 NOTE
r-devel-linux-x86_64-debian-gcc 0.10-2 4.43 38.98 43.41 NOTE
r-devel-linux-x86_64-fedora-clang 0.10-2 89.66 NOTE
r-devel-linux-x86_64-fedora-gcc 0.10-2 95.24 NOTE
r-devel-windows-x86_64 0.10-2 7.00 104.00 111.00 NOTE
r-patched-linux-x86_64 0.10-2 6.93 49.24 56.17 NOTE
r-release-linux-x86_64 0.10-2 4.71 49.64 54.35 NOTE
r-release-macos-arm64 0.10-2 51.00 NOTE
r-release-macos-x86_64 0.10-2 72.00 NOTE
r-release-windows-x86_64 0.10-2 8.00 102.00 110.00 NOTE
r-oldrel-macos-arm64 0.10-2 38.00 NOTE
r-oldrel-macos-x86_64 0.10-2 56.00 NOTE
r-oldrel-windows-x86_64 0.10-2 7.00 110.00 117.00 NOTE

Check Details

Version: 0.10-2
Check: Rd files
Result: NOTE checkRd: (-1) setServerLogLevel.Rd:20: Lost braces in \enumerate; meant \describe ? checkRd: (-1) setServerLogLevel.Rd:21: Lost braces in \enumerate; meant \describe ? checkRd: (-1) setServerLogLevel.Rd:22: Lost braces in \enumerate; meant \describe ? checkRd: (-1) setServerLogLevel.Rd:23: Lost braces in \enumerate; meant \describe ? checkRd: (-1) setServerLogLevel.Rd:24: Lost braces in \enumerate; meant \describe ? Flavors: r-devel-linux-x86_64-debian-clang, r-devel-linux-x86_64-debian-gcc, r-devel-linux-x86_64-fedora-clang, r-devel-linux-x86_64-fedora-gcc, r-devel-windows-x86_64, r-patched-linux-x86_64, r-release-linux-x86_64, r-release-macos-arm64, r-release-macos-x86_64, r-release-windows-x86_64, r-oldrel-macos-arm64, r-oldrel-macos-x86_64, r-oldrel-windows-x86_64