Last updated on 2025-05-25 13:49:45 CEST.
Flavor | Version | Tinstall | Tcheck | Ttotal | Status | Flags |
---|---|---|---|---|---|---|
r-devel-linux-x86_64-debian-clang | 1.2.0 | 8.43 | 102.70 | 111.13 | OK | |
r-devel-linux-x86_64-debian-gcc | 1.2.0 | 6.41 | 77.42 | 83.83 | OK | |
r-devel-linux-x86_64-fedora-clang | 1.2.0 | 176.95 | OK | |||
r-devel-linux-x86_64-fedora-gcc | 1.2.0 | 189.86 | OK | |||
r-devel-windows-x86_64 | 1.2.0 | 14.00 | 114.00 | 128.00 | OK | |
r-patched-linux-x86_64 | 1.2.0 | 9.38 | 96.25 | 105.63 | OK | |
r-release-linux-x86_64 | 1.2.0 | 8.11 | 95.60 | 103.71 | OK | |
r-release-macos-arm64 | 1.2.0 | 58.00 | OK | |||
r-release-macos-x86_64 | 1.2.0 | 104.00 | OK | |||
r-release-windows-x86_64 | 1.2.0 | 14.00 | 109.00 | 123.00 | OK | |
r-oldrel-macos-arm64 | 1.2.0 | 61.00 | OK | |||
r-oldrel-macos-x86_64 | 1.2.0 | 164.00 | NOTE | |||
r-oldrel-windows-x86_64 | 1.2.0 | 17.00 | 136.00 | 153.00 | OK |
Version: 1.2.0
Check: installed package size
Result: NOTE
installed size is 5.7Mb
sub-directories of 1Mb or more:
data 3.1Mb
help 2.0Mb
Flavor: r-oldrel-macos-x86_64