Last updated on 2025-05-28 17:57:24 CEST.
Flavor | Version | Tinstall | Tcheck | Ttotal | Status | Flags |
---|---|---|---|---|---|---|
r-devel-linux-x86_64-debian-clang | 1.1.1 | 10.39 | 63.27 | 73.66 | OK | |
r-devel-linux-x86_64-debian-gcc | 1.1.1 | 6.17 | 46.35 | 52.52 | OK | |
r-devel-linux-x86_64-fedora-clang | 1.1.1 | 116.61 | NOTE | |||
r-devel-linux-x86_64-fedora-gcc | 1.1.1 | 127.46 | NOTE | |||
r-devel-windows-x86_64 | 1.1.1 | 12.00 | 74.00 | 86.00 | OK | |
r-patched-linux-x86_64 | 1.1.1 | 8.57 | 59.50 | 68.07 | OK | |
r-release-linux-x86_64 | 1.1.1 | 10.08 | 59.34 | 69.42 | OK | |
r-release-macos-arm64 | 1.1.1 | 42.00 | OK | |||
r-release-macos-x86_64 | 1.1.1 | 80.00 | OK | |||
r-release-windows-x86_64 | 1.1.1 | 13.00 | 75.00 | 88.00 | OK | |
r-oldrel-macos-arm64 | 1.1.1 | 41.00 | NOTE | |||
r-oldrel-macos-x86_64 | 1.1.1 | 105.00 | NOTE | |||
r-oldrel-windows-x86_64 | 1.1.1 | 16.00 | 93.00 | 109.00 | NOTE |
Version: 1.1.1
Check: dependencies in R code
Result: NOTE
Namespaces in Imports field not imported from:
‘RSpectra’ ‘ggrepel’ ‘markdown’ ‘matrixStats’ ‘reshape2’ ‘tidyr’
‘uuid’
All declared Imports should be used.
Flavors: r-devel-linux-x86_64-fedora-clang, r-devel-linux-x86_64-fedora-gcc
Version: 1.1.1
Check: installed package size
Result: NOTE
installed size is 5.2Mb
sub-directories of 1Mb or more:
app 1.7Mb
doc 3.3Mb
Flavors: r-oldrel-macos-arm64, r-oldrel-macos-x86_64, r-oldrel-windows-x86_64