CRAN Package Check Results for Package HDMT

Last updated on 2025-07-21 23:50:40 CEST.

Flavor Version Tinstall Tcheck Ttotal Status Flags
r-devel-linux-x86_64-debian-clang 1.0.5 6.16 63.78 69.94 OK
r-devel-linux-x86_64-debian-gcc 1.0.5 4.51 47.01 51.52 OK
r-devel-linux-x86_64-fedora-clang 1.0.5 105.40 OK
r-devel-linux-x86_64-fedora-gcc 1.0.5 114.46 OK
r-devel-windows-x86_64 1.0.5 3.00 5.00 8.00 ERROR
r-patched-linux-x86_64 1.0.5 5.56 58.57 64.13 OK
r-release-linux-x86_64 1.0.5 5.93 58.91 64.84 OK
r-release-macos-arm64 1.0.5 36.00 OK
r-release-macos-x86_64 1.0.5 74.00 OK
r-release-windows-x86_64 1.0.5 8.00 80.00 88.00 OK
r-oldrel-macos-arm64 1.0.5 36.00 OK
r-oldrel-macos-x86_64 1.0.5 55.00 OK
r-oldrel-windows-x86_64 1.0.5 9.00 95.00 104.00 OK

Check Details

Version: 1.0.5
Check: whether package can be installed
Result: ERROR Installation failed. Flavor: r-devel-windows-x86_64