Last updated on 2025-05-28 13:48:27 CEST.
Flavor | Version | Tinstall | Tcheck | Ttotal | Status | Flags |
---|---|---|---|---|---|---|
r-devel-linux-x86_64-debian-clang | 1.0-2 | 7.61 | 94.74 | 102.35 | NOTE | |
r-devel-linux-x86_64-debian-gcc | 1.0-2 | 5.62 | 70.56 | 76.18 | NOTE | |
r-devel-linux-x86_64-fedora-clang | 1.0-2 | 164.70 | OK | |||
r-devel-linux-x86_64-fedora-gcc | 1.0-2 | 163.84 | OK | |||
r-devel-windows-x86_64 | 1.0-2 | 10.00 | 107.00 | 117.00 | OK | |
r-patched-linux-x86_64 | 1.0-2 | 8.04 | 94.84 | 102.88 | OK | |
r-release-linux-x86_64 | 1.0-2 | 7.14 | 94.45 | 101.59 | OK | |
r-release-macos-arm64 | 1.0-2 | 51.00 | OK | |||
r-release-macos-x86_64 | 1.0-2 | 123.00 | OK | |||
r-release-windows-x86_64 | 1.0-2 | 8.00 | 104.00 | 112.00 | OK | |
r-oldrel-macos-arm64 | 1.0-2 | 50.00 | OK | |||
r-oldrel-macos-x86_64 | 1.0-2 | 75.00 | OK | |||
r-oldrel-windows-x86_64 | 1.0-2 | 13.00 | 134.00 | 147.00 | OK |
Version: 1.0-2
Check: CRAN incoming feasibility
Result: NOTE
Maintainer: ‘Xin Xu <xin.xu@yale.edu>’
No Authors@R field in DESCRIPTION.
Please add one, modifying
Authors@R: c(person(given = "Hanzhong",
family = "Liu",
role = "aut"),
person(given = "Xin",
family = "Xu",
role = c("aut", "cre"),
email = "xin.xu@yale.edu"),
person(given = c("Jingyi", "Jessica"),
family = "Li",
role = "aut"))
as necessary.
Flavors: r-devel-linux-x86_64-debian-clang, r-devel-linux-x86_64-debian-gcc