CRAN Package Check Results for Package HCT

Last updated on 2025-05-28 17:57:24 CEST.

Flavor Version Tinstall Tcheck Ttotal Status Flags
r-devel-linux-x86_64-debian-clang 0.1.3 29.33 107.38 136.71 NOTE
r-devel-linux-x86_64-debian-gcc 0.1.3 24.06 82.34 106.40 NOTE
r-devel-linux-x86_64-fedora-clang 0.1.3 208.58 OK
r-devel-linux-x86_64-fedora-gcc 0.1.3 216.68 OK
r-devel-windows-x86_64 0.1.3 23.00 103.00 126.00 OK
r-patched-linux-x86_64 0.1.3 26.55 105.35 131.90 OK
r-release-linux-x86_64 0.1.3 30.20 105.15 135.35 OK
r-release-macos-arm64 0.1.3 52.00 OK
r-release-macos-x86_64 0.1.3 110.00 OK
r-release-windows-x86_64 0.1.3 22.00 104.00 126.00 OK
r-oldrel-macos-arm64 0.1.3 55.00 NOTE
r-oldrel-macos-x86_64 0.1.3 128.00 NOTE
r-oldrel-windows-x86_64 0.1.3 32.00 126.00 158.00 NOTE

Check Details

Version: 0.1.3
Check: CRAN incoming feasibility
Result: NOTE Maintainer: ‘David A. Schoenfeld <dschoenfeld@mgh.harvard.edu>’ No Authors@R field in DESCRIPTION. Please add one, modifying Authors@R: person(given = c("David", "A."), family = "Schoenfeld", role = c("aut", "cre"), email = "dschoenfeld@mgh.harvard.edu") as necessary. Flavors: r-devel-linux-x86_64-debian-clang, r-devel-linux-x86_64-debian-gcc

Version: 0.1.3
Check: installed package size
Result: NOTE installed size is 7.4Mb sub-directories of 1Mb or more: data 7.3Mb Flavors: r-oldrel-macos-arm64, r-oldrel-macos-x86_64, r-oldrel-windows-x86_64