Last updated on 2025-05-27 23:51:53 CEST.
Flavor | Version | Tinstall | Tcheck | Ttotal | Status | Flags |
---|---|---|---|---|---|---|
r-devel-linux-x86_64-debian-clang | 1.0 | 13.70 | 104.40 | 118.10 | NOTE | |
r-devel-linux-x86_64-debian-gcc | 1.0 | 9.04 | 72.69 | 81.73 | NOTE | |
r-devel-linux-x86_64-fedora-clang | 1.0 | 188.74 | OK | |||
r-devel-linux-x86_64-fedora-gcc | 1.0 | 177.42 | OK | |||
r-devel-windows-x86_64 | 1.0 | 14.00 | 103.00 | 117.00 | OK | |
r-patched-linux-x86_64 | 1.0 | 11.62 | 96.16 | 107.78 | OK | |
r-release-linux-x86_64 | 1.0 | 11.91 | 97.72 | 109.63 | OK | |
r-release-macos-arm64 | 1.0 | 48.00 | OK | |||
r-release-macos-x86_64 | 1.0 | 86.00 | OK | |||
r-release-windows-x86_64 | 1.0 | 14.00 | 103.00 | 117.00 | OK | |
r-oldrel-macos-arm64 | 1.0 | 47.00 | OK | |||
r-oldrel-macos-x86_64 | 1.0 | 68.00 | OK | |||
r-oldrel-windows-x86_64 | 1.0 | 19.00 | 129.00 | 148.00 | OK |
Version: 1.0
Check: CRAN incoming feasibility
Result: NOTE
Maintainer: ‘Tianxi Li <tianxili@umn.edu>’
The Description field contains
<arXiv:1810.01509>. The package also includes a data generating
Please refer to arXiv e-prints via their arXiv DOI <doi:10.48550/arXiv.YYMM.NNNNN>.
Flavors: r-devel-linux-x86_64-debian-clang, r-devel-linux-x86_64-debian-gcc