Last updated on 2025-05-27 23:51:53 CEST.
Flavor | Version | Tinstall | Tcheck | Ttotal | Status | Flags |
---|---|---|---|---|---|---|
r-devel-linux-x86_64-debian-clang | 1.0.0 | 17.25 | 146.91 | 164.16 | OK | |
r-devel-linux-x86_64-debian-gcc | 1.0.0 | 12.39 | 103.96 | 116.35 | OK | |
r-devel-linux-x86_64-fedora-clang | 1.0.0 | 250.28 | OK | |||
r-devel-linux-x86_64-fedora-gcc | 1.0.0 | 250.17 | OK | |||
r-devel-windows-x86_64 | 1.0.0 | 19.00 | 128.00 | 147.00 | OK | |
r-patched-linux-x86_64 | 1.0.0 | 16.44 | 137.06 | 153.50 | OK | |
r-release-linux-x86_64 | 1.0.0 | 15.20 | 136.05 | 151.25 | OK | |
r-release-macos-arm64 | 1.0.0 | 5.00 | ERROR | |||
r-release-macos-x86_64 | 1.0.0 | 6.00 | ERROR | |||
r-release-windows-x86_64 | 1.0.0 | 18.00 | 125.00 | 143.00 | OK | |
r-oldrel-macos-arm64 | 1.0.0 | 11.00 | ERROR | |||
r-oldrel-macos-x86_64 | 1.0.0 | 141.00 | OK | |||
r-oldrel-windows-x86_64 | 1.0.0 | 24.00 | 164.00 | 188.00 | OK |
Version: 1.0.0
Check: package dependencies
Result: ERROR
Package required but not available: ‘org.Mm.eg.db’
See section ‘The DESCRIPTION file’ in the ‘Writing R Extensions’
manual.
Flavors: r-release-macos-arm64, r-release-macos-x86_64, r-oldrel-macos-arm64