Last updated on 2025-05-28 09:52:56 CEST.
Flavor | Version | Tinstall | Tcheck | Ttotal | Status | Flags |
---|---|---|---|---|---|---|
r-devel-linux-x86_64-debian-clang | 2.0.2 | 18.14 | 206.76 | 224.90 | NOTE | |
r-devel-linux-x86_64-debian-gcc | 2.0.2 | 13.71 | 145.58 | 159.29 | NOTE | |
r-devel-linux-x86_64-fedora-clang | 2.0.2 | 349.11 | OK | |||
r-devel-linux-x86_64-fedora-gcc | 2.0.2 | 358.44 | OK | |||
r-devel-windows-x86_64 | 2.0.2 | 21.00 | 195.00 | 216.00 | NOTE | |
r-patched-linux-x86_64 | 2.0.2 | 20.22 | 188.36 | 208.58 | NOTE | |
r-release-linux-x86_64 | 2.0.2 | 20.12 | 188.63 | 208.75 | NOTE | |
r-release-macos-arm64 | 2.0.2 | 90.00 | OK | |||
r-release-macos-x86_64 | 2.0.2 | 175.00 | OK | |||
r-release-windows-x86_64 | 2.0.2 | 22.00 | 197.00 | 219.00 | NOTE | |
r-oldrel-macos-arm64 | 2.0.2 | 93.00 | OK | |||
r-oldrel-macos-x86_64 | 2.0.2 | 134.00 | OK | |||
r-oldrel-windows-x86_64 | 2.0.2 | 27.00 | 249.00 | 276.00 | OK |
Version: 2.0.2
Check: Rd cross-references
Result: NOTE
Found the following Rd file(s) with Rd \link{} targets missing package
anchors:
caDescribeOpts.Rd: describeMean, describeFactors
prGetStatistics.Rd: describeMean, describeFactors
Please provide package anchors for all Rd \link{} targets not in the
package itself and the base packages.
Flavors: r-devel-linux-x86_64-debian-clang, r-devel-linux-x86_64-debian-gcc, r-devel-windows-x86_64, r-patched-linux-x86_64, r-release-linux-x86_64, r-release-windows-x86_64