CRAN Package Check Results for Package Gmisc

Last updated on 2025-07-16 04:50:12 CEST.

Flavor Version Tinstall Tcheck Ttotal Status Flags
r-devel-linux-x86_64-debian-clang 3.0.3 30.41 156.38 186.79 NOTE
r-devel-linux-x86_64-debian-gcc 3.0.3 20.80 108.78 129.58 NOTE
r-devel-linux-x86_64-fedora-clang 3.0.3 289.77 OK
r-devel-linux-x86_64-fedora-gcc 3.0.3 275.68 OK
r-devel-windows-x86_64 3.0.3 36.00 177.00 213.00 NOTE
r-patched-linux-x86_64 3.0.3 32.12 146.10 178.22 NOTE
r-release-linux-x86_64 3.0.3 30.49 145.60 176.09 NOTE
r-release-macos-arm64 3.0.3 78.00 OK
r-release-macos-x86_64 3.0.3 146.00 OK
r-release-windows-x86_64 3.0.3 35.00 181.00 216.00 NOTE
r-oldrel-macos-arm64 3.0.3 83.00 OK
r-oldrel-macos-x86_64 3.0.3 111.00 OK
r-oldrel-windows-x86_64 3.0.3 44.00 219.00 263.00 OK

Check Details

Version: 3.0.3
Check: CRAN incoming feasibility
Result: NOTE Maintainer: ‘Max Gordon <max@gforge.se>’ No Authors@R field in DESCRIPTION. Please add one, modifying Authors@R: person(given = "Max", family = "Gordon", role = c("aut", "cre"), email = "max@gforge.se") as necessary. Flavors: r-devel-linux-x86_64-debian-clang, r-devel-linux-x86_64-debian-gcc

Version: 3.0.3
Check: Rd cross-references
Result: NOTE Found the following Rd file(s) with Rd \link{} targets missing package anchors: descGetMissing.Rd: txtInt describeFactors.Rd: txtInt describeMean.Rd: txtInt describeMedian.Rd: txtInt describeProp.Rd: txtInt mergeDesc.Rd: htmlTable Please provide package anchors for all Rd \link{} targets not in the package itself and the base packages. Flavors: r-devel-linux-x86_64-debian-clang, r-devel-linux-x86_64-debian-gcc, r-devel-windows-x86_64, r-patched-linux-x86_64, r-release-linux-x86_64, r-release-windows-x86_64