Last updated on 2025-05-24 23:50:12 CEST.
Flavor | Version | Tinstall | Tcheck | Ttotal | Status | Flags |
---|---|---|---|---|---|---|
r-devel-linux-x86_64-debian-clang | 0.2.2 | 8.92 | 102.96 | 111.88 | NOTE | |
r-devel-linux-x86_64-debian-gcc | 0.2.2 | 6.32 | 69.97 | 76.29 | NOTE | |
r-devel-linux-x86_64-fedora-clang | 0.2.2 | 151.18 | OK | |||
r-devel-linux-x86_64-fedora-gcc | 0.2.2 | 159.08 | OK | |||
r-devel-windows-x86_64 | 0.2.2 | 11.00 | 113.00 | 124.00 | OK | |
r-patched-linux-x86_64 | 0.2.2 | 8.30 | 92.63 | 100.93 | OK | |
r-release-linux-x86_64 | 0.2.2 | 7.90 | 93.05 | 100.95 | OK | |
r-release-macos-arm64 | 0.2.2 | 48.00 | OK | |||
r-release-macos-x86_64 | 0.2.2 | 81.00 | OK | |||
r-release-windows-x86_64 | 0.2.2 | 11.00 | 125.00 | 136.00 | OK | |
r-oldrel-macos-arm64 | 0.2.2 | 44.00 | OK | |||
r-oldrel-macos-x86_64 | 0.2.2 | 65.00 | OK | |||
r-oldrel-windows-x86_64 | 0.2.2 | 14.00 | 136.00 | 150.00 | OK |
Version: 0.2.2
Check: CRAN incoming feasibility
Result: NOTE
Maintainer: ‘Max Welz <welz@ese.eur.nl>’
Package CITATION file contains call(s) to old-style citEntry(). Please
use bibentry() instead.
The Description field contains
and Fernández-Val (2020) <arXiv:1712.04802>. This package's workhorse
<arXiv:1712.04802> for a suite of user-specified machine learners. All
Please refer to arXiv e-prints via their arXiv DOI <doi:10.48550/arXiv.YYMM.NNNNN>.
Flavors: r-devel-linux-x86_64-debian-clang, r-devel-linux-x86_64-debian-gcc