Last updated on 2025-05-28 17:57:23 CEST.
Flavor | Version | Tinstall | Tcheck | Ttotal | Status | Flags |
---|---|---|---|---|---|---|
r-devel-linux-x86_64-debian-clang | 1.4.5 | 26.03 | 238.78 | 264.81 | NOTE | |
r-devel-linux-x86_64-debian-gcc | 1.4.5 | 15.95 | 147.49 | 163.44 | NOTE | |
r-devel-linux-x86_64-fedora-clang | 1.4.5 | 418.51 | NOTE | |||
r-devel-linux-x86_64-fedora-gcc | 1.4.5 | 396.61 | NOTE | |||
r-devel-windows-x86_64 | 1.4.5 | 25.00 | 192.00 | 217.00 | NOTE | |
r-patched-linux-x86_64 | 1.4.5 | 25.52 | 222.26 | 247.78 | NOTE | |
r-release-linux-x86_64 | 1.4.5 | 26.87 | 222.81 | 249.68 | NOTE | |
r-release-macos-arm64 | 1.4.5 | 87.00 | NOTE | |||
r-release-macos-x86_64 | 1.4.5 | 252.00 | NOTE | |||
r-release-windows-x86_64 | 1.4.5 | 25.00 | 213.00 | 238.00 | NOTE | |
r-oldrel-macos-arm64 | 1.4.5 | 108.00 | OK | |||
r-oldrel-macos-x86_64 | 1.4.5 | 188.00 | OK | |||
r-oldrel-windows-x86_64 | 1.4.5 | 34.00 | 263.00 | 297.00 | OK |
Version: 1.4.5
Check: DESCRIPTION meta-information
Result: NOTE
Missing dependency on R >= 4.1.0 because package code uses the pipe
|> or function shorthand \(...) syntax added in R 4.1.0.
File(s) using such syntax:
‘annual.R’ ‘anomaly.R’ ‘coverage.R’ ‘daily.R’ ‘flags.R’
‘get-country-shapefile.R’ ‘monthly.R’ ‘quarterly.R’ ‘s3_classes.R’
‘stations.R’ ‘utils.R’
Flavors: r-devel-linux-x86_64-debian-clang, r-devel-linux-x86_64-debian-gcc, r-devel-linux-x86_64-fedora-clang, r-devel-linux-x86_64-fedora-gcc, r-devel-windows-x86_64, r-patched-linux-x86_64, r-release-linux-x86_64, r-release-macos-arm64, r-release-macos-x86_64, r-release-windows-x86_64