CRAN Package Check Results for Package FormulR

Last updated on 2025-05-25 13:49:43 CEST.

Flavor Version Tinstall Tcheck Ttotal Status Flags
r-devel-linux-x86_64-debian-clang 1.0.0 5.46 49.49 54.95 OK
r-devel-linux-x86_64-debian-gcc 1.0.0 3.78 36.13 39.91 OK
r-devel-linux-x86_64-fedora-clang 1.0.0 88.57 NOTE
r-devel-linux-x86_64-fedora-gcc 1.0.0 95.87 NOTE
r-devel-windows-x86_64 1.0.0 7.00 65.00 72.00 OK
r-patched-linux-x86_64 1.0.0 5.27 46.27 51.54 OK
r-release-linux-x86_64 1.0.0 4.51 46.95 51.46 OK
r-release-macos-arm64 1.0.0 41.00 OK
r-release-macos-x86_64 1.0.0 61.00 OK
r-release-windows-x86_64 1.0.0 7.00 68.00 75.00 OK
r-oldrel-macos-arm64 1.0.0 30.00 OK
r-oldrel-macos-x86_64 1.0.0 48.00 OK
r-oldrel-windows-x86_64 1.0.0 8.00 77.00 85.00 OK

Check Details

Version: 1.0.0
Check: dependencies in R code
Result: NOTE Namespaces in Imports field not imported from: ‘knitr’ ‘utils’ All declared Imports should be used. Flavors: r-devel-linux-x86_64-fedora-clang, r-devel-linux-x86_64-fedora-gcc