CRAN Package Check Results for Package FastImputation

Last updated on 2025-07-13 04:48:46 CEST.

Flavor Version Tinstall Tcheck Ttotal Status Flags
r-devel-linux-x86_64-debian-clang 2.2.1 1.74 34.42 36.16 NOTE
r-devel-linux-x86_64-debian-gcc 2.2.1 1.57 25.58 27.15 NOTE
r-devel-linux-x86_64-fedora-clang 2.2.1 58.54 OK
r-devel-linux-x86_64-fedora-gcc 2.2.1 54.38 OK
r-devel-windows-x86_64 2.2.1 3.00 52.00 55.00 OK
r-patched-linux-x86_64 2.2.1 2.18 31.99 34.17 OK
r-release-linux-x86_64 2.2.1 1.98 32.53 34.51 OK
r-release-macos-arm64 2.2.1 24.00 OK
r-release-macos-x86_64 2.2.1 46.00 OK
r-release-windows-x86_64 2.2.1 3.00 53.00 56.00 OK
r-oldrel-macos-arm64 2.2.1 20.00 OK
r-oldrel-macos-x86_64 2.2.1 29.00 OK
r-oldrel-windows-x86_64 2.2.1 4.00 63.00 67.00 OK

Check Details

Version: 2.2.1
Check: CRAN incoming feasibility
Result: NOTE Maintainer: ‘Stephen R. Haptonstahl <srh@haptonstahl.org>’ No Authors@R field in DESCRIPTION. Please add one, modifying Authors@R: person(given = c("Stephen", "R."), family = "Haptonstahl", role = c("aut", "cre"), email = "srh@haptonstahl.org") as necessary. Flavors: r-devel-linux-x86_64-debian-clang, r-devel-linux-x86_64-debian-gcc