Last updated on 2025-07-21 13:50:53 CEST.
Flavor | Version | Tinstall | Tcheck | Ttotal | Status | Flags |
---|---|---|---|---|---|---|
r-devel-linux-x86_64-debian-clang | 1.5.3 | 68.05 | 447.13 | 515.18 | OK | |
r-devel-linux-x86_64-debian-gcc | 1.5.3 | 48.02 | 272.42 | 320.44 | OK | |
r-devel-linux-x86_64-fedora-clang | 1.5.3 | 811.48 | OK | |||
r-devel-linux-x86_64-fedora-gcc | 1.5.3 | 817.12 | OK | |||
r-devel-windows-x86_64 | 1.5.3 | 68.00 | 387.00 | 455.00 | OK | |
r-patched-linux-x86_64 | 1.5.3 | 72.47 | 415.07 | 487.54 | OK | |
r-release-linux-x86_64 | 1.5.3 | 70.03 | 415.37 | 485.40 | OK | |
r-release-macos-arm64 | 1.5.3 | 176.00 | OK | |||
r-release-macos-x86_64 | 1.5.3 | 411.00 | OK | |||
r-release-windows-x86_64 | 1.5.3 | 60.00 | 387.00 | 447.00 | OK | |
r-oldrel-macos-arm64 | 1.5.3 | 215.00 | NOTE | |||
r-oldrel-macos-x86_64 | 1.5.3 | 393.00 | NOTE | |||
r-oldrel-windows-x86_64 | 1.5.3 | 83.00 | 534.00 | 617.00 | NOTE |
Version: 1.5.3
Check: installed package size
Result: NOTE
installed size is 17.1Mb
sub-directories of 1Mb or more:
data 2.7Mb
doc 1.2Mb
libs 12.5Mb
Flavors: r-oldrel-macos-arm64, r-oldrel-macos-x86_64, r-oldrel-windows-x86_64