Last updated on 2025-05-28 17:57:22 CEST.
Flavor | Version | Tinstall | Tcheck | Ttotal | Status | Flags |
---|---|---|---|---|---|---|
r-devel-linux-x86_64-debian-clang | 3.7.1 | 54.24 | 436.82 | 491.06 | OK | |
r-devel-linux-x86_64-debian-gcc | 3.7.1 | 37.27 | 283.49 | 320.76 | OK | |
r-devel-linux-x86_64-fedora-clang | 3.7.1 | 746.62 | OK | |||
r-devel-linux-x86_64-fedora-gcc | 3.7.1 | 770.05 | OK | |||
r-devel-windows-x86_64 | 3.7.1 | 49.00 | 352.00 | 401.00 | OK | |
r-patched-linux-x86_64 | 3.7.1 | 56.73 | 395.38 | 452.11 | OK | |
r-release-linux-x86_64 | 3.7.1 | 51.12 | 393.78 | 444.90 | OK | |
r-release-macos-arm64 | 3.7.1 | 200.00 | OK | |||
r-release-macos-x86_64 | 3.7.1 | 224.00 | OK | |||
r-release-windows-x86_64 | 3.7.1 | 49.00 | 345.00 | 394.00 | OK | |
r-oldrel-macos-arm64 | 3.7.1 | 176.00 | NOTE | |||
r-oldrel-macos-x86_64 | 3.7.1 | 221.00 | NOTE | |||
r-oldrel-windows-x86_64 | 3.7.1 | 71.00 | 461.00 | 532.00 | NOTE |
Version: 3.7.1
Check: installed package size
Result: NOTE
installed size is 10.7Mb
sub-directories of 1Mb or more:
R 5.6Mb
doc 1.4Mb
extdata 2.1Mb
Flavors: r-oldrel-macos-arm64, r-oldrel-macos-x86_64, r-oldrel-windows-x86_64