CRAN Package Check Results for Package ERDbuilder

Last updated on 2025-07-13 17:48:29 CEST.

Flavor Version Tinstall Tcheck Ttotal Status Flags
r-devel-linux-x86_64-debian-clang 1.0.0 1.83 30.78 32.61 NOTE
r-devel-linux-x86_64-debian-gcc 1.0.0 1.68 24.75 26.43 NOTE
r-devel-linux-x86_64-fedora-clang 1.0.0 50.73 NOTE
r-devel-linux-x86_64-fedora-gcc 1.0.0 61.76 NOTE
r-devel-windows-x86_64 1.0.0 4.00 51.00 55.00 NOTE
r-patched-linux-x86_64 1.0.0 1.59 27.80 29.39 NOTE
r-release-linux-x86_64 1.0.0 1.91 28.07 29.98 NOTE
r-release-macos-arm64 1.0.0 32.00 NOTE
r-release-macos-x86_64 1.0.0 69.00 NOTE
r-release-windows-x86_64 1.0.0 5.00 51.00 56.00 NOTE
r-oldrel-macos-arm64 1.0.0 28.00 OK
r-oldrel-macos-x86_64 1.0.0 39.00 OK
r-oldrel-windows-x86_64 1.0.0 5.00 61.00 66.00 OK

Check Details

Version: 1.0.0
Check: DESCRIPTION meta-information
Result: NOTE Missing dependency on R >= 4.1.0 because package code uses the pipe |> or function shorthand \(...) syntax added in R 4.1.0. File(s) using such syntax: ‘render_erd.R’ Flavors: r-devel-linux-x86_64-debian-clang, r-devel-linux-x86_64-debian-gcc, r-devel-linux-x86_64-fedora-clang, r-devel-linux-x86_64-fedora-gcc, r-devel-windows-x86_64, r-patched-linux-x86_64, r-release-linux-x86_64, r-release-macos-arm64, r-release-macos-x86_64, r-release-windows-x86_64