Last updated on 2025-05-24 23:50:09 CEST.
Flavor | Version | Tinstall | Tcheck | Ttotal | Status | Flags |
---|---|---|---|---|---|---|
r-devel-linux-x86_64-debian-clang | 0.4.6 | 62.82 | 381.18 | 444.00 | OK | |
r-devel-linux-x86_64-debian-gcc | 0.4.6 | 43.76 | 265.40 | 309.16 | OK | |
r-devel-linux-x86_64-fedora-clang | 0.5.0 | 733.91 | NOTE | |||
r-devel-linux-x86_64-fedora-gcc | 0.4.6 | 742.41 | NOTE | |||
r-devel-windows-x86_64 | 0.4.6 | 72.00 | 411.00 | 483.00 | OK | |
r-patched-linux-x86_64 | 0.4.6 | 63.38 | 356.96 | 420.34 | OK | |
r-release-linux-x86_64 | 0.4.6 | 62.39 | 378.96 | 441.35 | OK | |
r-release-macos-arm64 | 0.5.0 | 179.00 | OK | |||
r-release-macos-x86_64 | 0.4.6 | 220.00 | OK | |||
r-release-windows-x86_64 | 0.5.0 | 61.00 | 338.00 | 399.00 | OK | |
r-oldrel-macos-arm64 | 0.5.0 | 183.00 | OK | |||
r-oldrel-macos-x86_64 | 0.4.6 | 234.00 | OK | |||
r-oldrel-windows-x86_64 | 0.5.0 | 87.00 | 517.00 | 604.00 | OK |
Version: 0.5.0
Check: dependencies in R code
Result: NOTE
Namespace in Imports field not imported from: ‘progress’
All declared Imports should be used.
Flavor: r-devel-linux-x86_64-fedora-clang
Version: 0.4.6
Check: dependencies in R code
Result: NOTE
Namespace in Imports field not imported from: ‘progress’
All declared Imports should be used.
Flavor: r-devel-linux-x86_64-fedora-gcc