Last updated on 2025-05-28 17:57:20 CEST.
Flavor | Version | Tinstall | Tcheck | Ttotal | Status | Flags |
---|---|---|---|---|---|---|
r-devel-linux-x86_64-debian-clang | 0.5.3 | 321.04 | 122.19 | 443.23 | OK | |
r-devel-linux-x86_64-debian-gcc | 0.5.3 | 266.36 | 105.75 | 372.11 | OK | |
r-devel-linux-x86_64-fedora-clang | 0.5.3 | 700.53 | OK | |||
r-devel-linux-x86_64-fedora-gcc | 0.5.3 | 842.41 | OK | |||
r-devel-windows-x86_64 | 0.5.3 | 301.00 | 158.00 | 459.00 | OK | |
r-patched-linux-x86_64 | 0.5.3 | 361.76 | 139.39 | 501.15 | OK | |
r-release-linux-x86_64 | 0.5.3 | 364.09 | 139.56 | 503.65 | OK | |
r-release-macos-arm64 | 0.5.3 | 168.00 | OK | |||
r-release-macos-x86_64 | 0.5.3 | 266.00 | OK | |||
r-release-windows-x86_64 | 0.5.3 | 298.00 | 163.00 | 461.00 | OK | |
r-oldrel-macos-arm64 | 0.5.3 | 163.00 | NOTE | |||
r-oldrel-macos-x86_64 | 0.5.3 | 220.00 | NOTE | |||
r-oldrel-windows-x86_64 | 0.5.3 | 356.00 | 197.00 | 553.00 | NOTE |
Version: 0.5.3
Check: installed package size
Result: NOTE
installed size is 84.0Mb
sub-directories of 1Mb or more:
libs 83.6Mb
Flavors: r-oldrel-macos-arm64, r-oldrel-macos-x86_64
Version: 0.5.3
Check: for GNU extensions in Makefiles
Result: NOTE
GNU make is a SystemRequirements.
Flavors: r-oldrel-macos-arm64, r-oldrel-macos-x86_64, r-oldrel-windows-x86_64