Last updated on 2025-05-28 09:52:51 CEST.
Flavor | Version | Tinstall | Tcheck | Ttotal | Status | Flags |
---|---|---|---|---|---|---|
r-devel-linux-x86_64-debian-clang | 0.8.1 | 5.90 | 59.50 | 65.40 | NOTE | |
r-devel-linux-x86_64-debian-gcc | 0.8.1 | 4.81 | 41.81 | 46.62 | NOTE | |
r-devel-linux-x86_64-fedora-clang | 0.8.1 | 112.62 | OK | |||
r-devel-linux-x86_64-fedora-gcc | 0.8.1 | 96.36 | OK | |||
r-devel-windows-x86_64 | 0.8.1 | 10.00 | 73.00 | 83.00 | OK | |
r-patched-linux-x86_64 | 0.8.1 | 6.09 | 55.92 | 62.01 | OK | |
r-release-linux-x86_64 | 0.8.1 | 5.95 | 55.72 | 61.67 | OK | |
r-release-macos-arm64 | 0.8.1 | 30.00 | OK | |||
r-release-macos-x86_64 | 0.8.1 | 52.00 | OK | |||
r-release-windows-x86_64 | 0.8.1 | 8.00 | 73.00 | 81.00 | OK | |
r-oldrel-macos-arm64 | 0.8.1 | 31.00 | OK | |||
r-oldrel-macos-x86_64 | 0.8.1 | 43.00 | OK | |||
r-oldrel-windows-x86_64 | 0.8.1 | 10.00 | 89.00 | 99.00 | OK |
Version: 0.8.1
Check: CRAN incoming feasibility
Result: NOTE
Maintainer: ‘Jan Fojtik <9afojtik@gmail.com>’
The Description field contains
Sobisek, Stachova, Fojtik (2018) <arXiv:1807.05926>.
Please refer to arXiv e-prints via their arXiv DOI <doi:10.48550/arXiv.YYMM.NNNNN>.
Flavors: r-devel-linux-x86_64-debian-clang, r-devel-linux-x86_64-debian-gcc