Last updated on 2025-05-24 23:50:05 CEST.
Flavor | Version | Tinstall | Tcheck | Ttotal | Status | Flags |
---|---|---|---|---|---|---|
r-devel-linux-x86_64-debian-clang | 1.0.1 | 12.20 | 27.66 | 39.86 | NOTE | |
r-devel-linux-x86_64-debian-gcc | 1.0.1 | 8.75 | 22.13 | 30.88 | NOTE | |
r-devel-linux-x86_64-fedora-clang | 1.0.1 | 65.81 | OK | |||
r-devel-linux-x86_64-fedora-gcc | 1.0.1 | 66.52 | OK | |||
r-devel-windows-x86_64 | 1.0.1 | 16.00 | 74.00 | 90.00 | OK | |
r-patched-linux-x86_64 | 1.0.1 | 12.37 | 25.40 | 37.77 | OK | |
r-release-linux-x86_64 | 1.0.1 | 12.73 | 25.87 | 38.60 | OK | |
r-release-macos-arm64 | 1.0.1 | 26.00 | OK | |||
r-release-macos-x86_64 | 1.0.1 | 39.00 | OK | |||
r-release-windows-x86_64 | 1.0.1 | 15.00 | 74.00 | 89.00 | OK | |
r-oldrel-macos-arm64 | 1.0.1 | 25.00 | OK | |||
r-oldrel-macos-x86_64 | 1.0.1 | 34.00 | OK | |||
r-oldrel-windows-x86_64 | 1.0.1 | 16.00 | 79.00 | 95.00 | OK |
Version: 1.0.1
Check: CRAN incoming feasibility
Result: NOTE
Maintainer: ‘Giovanna Capizzi <giovanna.capizzi@unipd.it>’
No Authors@R field in DESCRIPTION.
Please add one, modifying
Authors@R: c(person(given = "Giovanna",
family = "Capizzi",
role = c("aut", "cre"),
email = "giovanna.capizzi@unipd.it"),
person(given = "Guido",
family = "Masarotto",
role = "aut"))
as necessary.
Flavors: r-devel-linux-x86_64-debian-clang, r-devel-linux-x86_64-debian-gcc