Last updated on 2025-05-28 13:48:23 CEST.
Flavor | Version | Tinstall | Tcheck | Ttotal | Status | Flags |
---|---|---|---|---|---|---|
r-devel-linux-x86_64-debian-clang | 0.1.0 | 9.57 | 69.33 | 78.90 | NOTE | |
r-devel-linux-x86_64-debian-gcc | 0.1.0 | 6.56 | 51.48 | 58.04 | NOTE | |
r-devel-linux-x86_64-fedora-clang | 0.1.0 | 124.93 | OK | |||
r-devel-linux-x86_64-fedora-gcc | 0.1.0 | 115.69 | OK | |||
r-devel-windows-x86_64 | 0.1.0 | 9.00 | 80.00 | 89.00 | OK | |
r-patched-linux-x86_64 | 0.1.0 | 6.75 | 66.94 | 73.69 | OK | |
r-release-linux-x86_64 | 0.1.0 | 7.75 | 65.61 | 73.36 | OK | |
r-release-macos-arm64 | 0.1.0 | 40.00 | OK | |||
r-release-macos-x86_64 | 0.1.0 | 68.00 | OK | |||
r-release-windows-x86_64 | 0.1.0 | 10.00 | 81.00 | 91.00 | OK | |
r-oldrel-macos-arm64 | 0.1.0 | 36.00 | OK | |||
r-oldrel-macos-x86_64 | 0.1.0 | 56.00 | OK | |||
r-oldrel-windows-x86_64 | 0.1.0 | 12.00 | 95.00 | 107.00 | OK |
Version: 0.1.0
Check: CRAN incoming feasibility
Result: NOTE
Maintainer: ‘Yanlin Tang <yanlintang2018@163.com>’
No Authors@R field in DESCRIPTION.
Please add one, modifying
Authors@R: c(person(given = "Yanlin",
family = "Tang",
role = c("aut", "cre"),
email = "yanlintang2018@163.com"),
person(given = c("Huixia", "Judy"),
family = "Wang",
role = "aut"))
as necessary.
Flavors: r-devel-linux-x86_64-debian-clang, r-devel-linux-x86_64-debian-gcc