Last updated on 2025-05-28 09:52:50 CEST.
Flavor | Version | Tinstall | Tcheck | Ttotal | Status | Flags |
---|---|---|---|---|---|---|
r-devel-linux-x86_64-debian-clang | 1.0.7 | 8.08 | 62.93 | 71.01 | OK | |
r-devel-linux-x86_64-debian-gcc | 1.0.7 | 6.54 | 48.25 | 54.79 | OK | |
r-devel-linux-x86_64-fedora-clang | 1.0.7 | 127.88 | OK | |||
r-devel-linux-x86_64-fedora-gcc | 1.0.7 | 114.29 | OK | |||
r-devel-windows-x86_64 | 1.0.7 | 9.00 | 78.00 | 87.00 | OK | |
r-patched-linux-x86_64 | 1.0.5 | 7.93 | 60.26 | 68.19 | NOTE | |
r-release-linux-x86_64 | 1.0.5 | 7.78 | 59.63 | 67.41 | NOTE | |
r-release-macos-arm64 | 1.0.7 | 38.00 | OK | |||
r-release-macos-x86_64 | 1.0.7 | 154.00 | OK | |||
r-release-windows-x86_64 | 1.0.7 | 9.00 | 85.00 | 94.00 | OK | |
r-oldrel-macos-arm64 | 1.0.7 | 42.00 | OK | |||
r-oldrel-macos-x86_64 | 1.0.7 | 128.00 | OK | |||
r-oldrel-windows-x86_64 | 1.0.7 | 14.00 | 93.00 | 107.00 | OK |
Version: 1.0.5
Check: Rd cross-references
Result: NOTE
Found the following Rd file(s) with Rd \link{} targets missing package
anchors:
graphoptBbd.Rd: igraph
Please provide package anchors for all Rd \link{} targets not in the
package itself and the base packages.
Flavors: r-patched-linux-x86_64, r-release-linux-x86_64