CRAN Package Check Results for Package BinNonNor

Last updated on 2025-07-16 04:50:06 CEST.

Flavor Version Tinstall Tcheck Ttotal Status Flags
r-devel-linux-x86_64-debian-clang 1.5.3 7.30 56.31 63.61 NOTE
r-devel-linux-x86_64-debian-gcc 1.5.3 4.78 42.61 47.39 NOTE
r-devel-linux-x86_64-fedora-clang 1.5.3 100.63 OK
r-devel-linux-x86_64-fedora-gcc 1.5.3 93.61 OK
r-devel-windows-x86_64 1.5.3 7.00 72.00 79.00 OK
r-patched-linux-x86_64 1.5.3 7.20 53.65 60.85 OK
r-release-linux-x86_64 1.5.3 5.57 54.01 59.58 OK
r-release-macos-arm64 1.5.3 34.00 OK
r-release-macos-x86_64 1.5.3 54.00 OK
r-release-windows-x86_64 1.5.3 7.00 79.00 86.00 OK
r-oldrel-macos-arm64 1.5.3 31.00 OK
r-oldrel-macos-x86_64 1.5.3 45.00 OK
r-oldrel-windows-x86_64 1.5.3 10.00 87.00 97.00 OK

Check Details

Version: 1.5.3
Check: CRAN incoming feasibility
Result: NOTE Maintainer: ‘Ran Gao <rgao8@uic.edu>’ No Authors@R field in DESCRIPTION. Please add one, modifying Authors@R: c(person(given = "Gul", family = "Inan", role = "aut"), person(given = "Hakan", family = "Demirtas", role = "aut"), person(given = "Ran", family = "Gao", role = c("aut", "cre"), email = "rgao8@uic.edu")) as necessary. Flavors: r-devel-linux-x86_64-debian-clang, r-devel-linux-x86_64-debian-gcc