Last updated on 2025-07-22 13:49:08 CEST.
Flavor | Version | Tinstall | Tcheck | Ttotal | Status | Flags |
---|---|---|---|---|---|---|
r-devel-linux-x86_64-debian-clang | 2.3-0 | 160.93 | 90.39 | 251.32 | OK | |
r-devel-linux-x86_64-debian-gcc | 2.3-0 | 114.05 | 68.49 | 182.54 | OK | |
r-devel-linux-x86_64-fedora-clang | 2.3-0 | 424.61 | OK | |||
r-devel-linux-x86_64-fedora-gcc | 2.3-0 | 454.44 | OK | |||
r-devel-windows-x86_64 | 2.3-0 | 166.00 | 123.00 | 289.00 | OK | |
r-patched-linux-x86_64 | 2.3-0 | 162.12 | 84.70 | 246.82 | OK | |
r-release-linux-x86_64 | 2.3-0 | 160.58 | 84.11 | 244.69 | OK | |
r-release-macos-arm64 | 2.3-0 | 107.00 | OK | |||
r-release-macos-x86_64 | 2.3-0 | 167.00 | OK | |||
r-release-windows-x86_64 | 2.3-0 | 166.00 | 132.00 | 298.00 | OK | |
r-oldrel-macos-arm64 | 2.3-0 | 107.00 | NOTE | |||
r-oldrel-macos-x86_64 | 2.3-0 | 160.00 | NOTE | |||
r-oldrel-windows-x86_64 | 2.3-0 | 197.00 | 160.00 | 357.00 | NOTE |
Version: 2.3-0
Check: installed package size
Result: NOTE
installed size is 18.6Mb
sub-directories of 1Mb or more:
data 1.5Mb
doc 1.5Mb
libs 14.7Mb
Flavors: r-oldrel-macos-arm64, r-oldrel-macos-x86_64, r-oldrel-windows-x86_64