Last updated on 2025-05-25 23:49:26 CEST.
Flavor | Version | Tinstall | Tcheck | Ttotal | Status | Flags |
---|---|---|---|---|---|---|
r-devel-linux-x86_64-debian-clang | 2.2 | 99.77 | 147.24 | 247.01 | NOTE | |
r-devel-linux-x86_64-debian-gcc | 2.2 | 69.61 | 99.25 | 168.86 | NOTE | |
r-devel-linux-x86_64-fedora-clang | 2.2 | 416.15 | NOTE | |||
r-devel-linux-x86_64-fedora-gcc | 2.2 | 451.86 | NOTE | |||
r-devel-windows-x86_64 | 2.2 | 112.00 | 179.00 | 291.00 | NOTE | |
r-patched-linux-x86_64 | 2.2 | 99.73 | 132.26 | 231.99 | NOTE | |
r-release-linux-x86_64 | 2.2 | 97.41 | 133.49 | 230.90 | NOTE | |
r-release-macos-arm64 | 2.2 | 141.00 | NOTE | |||
r-release-macos-x86_64 | 2.2 | 217.00 | NOTE | |||
r-release-windows-x86_64 | 2.2 | 108.00 | 184.00 | 292.00 | NOTE | |
r-oldrel-macos-arm64 | 2.2 | 114.00 | NOTE | |||
r-oldrel-macos-x86_64 | 2.2 | 176.00 | NOTE | |||
r-oldrel-windows-x86_64 | 2.2 | 128.00 | 221.00 | 349.00 | ERROR |
Version: 2.2
Check: C++ specification
Result: NOTE
Specified C++11: please drop specification unless essential
Flavors: r-devel-linux-x86_64-debian-clang, r-devel-linux-x86_64-debian-gcc, r-devel-linux-x86_64-fedora-clang, r-devel-linux-x86_64-fedora-gcc, r-devel-windows-x86_64, r-patched-linux-x86_64, r-release-linux-x86_64, r-release-macos-arm64, r-release-macos-x86_64, r-release-windows-x86_64, r-oldrel-macos-arm64, r-oldrel-macos-x86_64, r-oldrel-windows-x86_64
Version: 2.2
Check: installed package size
Result: NOTE
installed size is 8.1Mb
sub-directories of 1Mb or more:
libs 7.5Mb
Flavors: r-oldrel-macos-arm64, r-oldrel-macos-x86_64
Version: 2.2
Check: re-building of vignette outputs
Result: ERROR
Error(s) in re-building vignettes:
--- re-building 'BayesRGMM.Rnw' using Sweave
Error: processing vignette 'BayesRGMM.Rnw' failed with diagnostics:
chunk 3 (label = Simulation 2: ARMA Correlation Structure)
Error in eval(expr, .GlobalEnv) :
inv_sympd(): matrix is singular or not positive definite
--- failed re-building 'BayesRGMM.Rnw'
SUMMARY: processing the following file failed:
'BayesRGMM.Rnw'
Error: Vignette re-building failed.
Execution halted
Flavor: r-oldrel-windows-x86_64