CRAN Package Check Results for Package BATSS

Last updated on 2025-07-16 17:49:19 CEST.

Flavor Version Tinstall Tcheck Ttotal Status Flags
r-devel-linux-x86_64-debian-clang 1.0.0 5.16 41.67 46.83 OK
r-devel-linux-x86_64-debian-gcc 1.0.0 3.50 31.74 35.24 OK
r-devel-linux-x86_64-fedora-clang 1.0.0 69.04 OK
r-devel-linux-x86_64-fedora-gcc 1.0.0 71.39 OK
r-devel-windows-x86_64 1.0.0 6.00 59.00 65.00 OK
r-patched-linux-x86_64 1.0.0 5.07 39.41 44.48 OK
r-release-linux-x86_64 1.0.0 4.64 38.63 43.27 OK
r-release-macos-arm64 1.0.0 29.00 OK
r-release-macos-x86_64 1.0.0 44.00 OK
r-release-windows-x86_64 1.0.0 6.00 57.00 63.00 OK
r-oldrel-macos-arm64 1.0.0 26.00 NOTE
r-oldrel-macos-x86_64 1.0.0 64.00 NOTE
r-oldrel-windows-x86_64 1.0.0 8.00 64.00 72.00 OK

Check Details

Version: 1.0.0
Check: package dependencies
Result: NOTE Package suggested but not available for checking: ‘INLA’ Flavors: r-oldrel-macos-arm64, r-oldrel-macos-x86_64

Version: 1.0.0
Check: Rd cross-references
Result: NOTE Package unavailable to check Rd xrefs: ‘INLA’ Flavors: r-oldrel-macos-arm64, r-oldrel-macos-x86_64